 = -5. What is the hundreds digit of (t + -1)*78*6/(-4)?
1
Suppose 2*l - 3*l - 18 = -2*v, -4*l - 5*v - 46 = 0. Let q(m) be the first derivative of 2*m**3/3 + 19*m**2/2 - 16*m - 996. What is the tens digit of q(l)?
1
Let p(w) = 47383*w. Let f(c) = -149*c. Let h(l) = 1911*f(l) + 6*p(l). Let g be h(-2). What is the tens digit of (-2)/(-4)*2 - g/(-6)?
4
Let h(m) = 10*m**2 - 76*m + 3623. What is the hundreds digit of h(69)?
9
What is the units digit of -1977*(5054/(-42))/19?
1
Let k = 155 - 100. Let n = -47 + k. What is the hundreds digit of (-2075)/(-20) + (-6)/n?
1
Suppose 2*y = 7*m - 9*m + 390, -589 = -3*y + m. Let u = 213 - y. What is the units digit of u?
7
Let h = -41 - -41. Suppose h = 5*u - 26 + 1, 5*k + 2*u = 360. Let b = k + -29. What is the units digit of b?
1
Suppose -34*x + 12*x - 29930880 = -677*x. What is the thousands digit of x?
5
Suppose 0 = 78*b - 85*b + 154. Let u(m) = -15*m + 9. Let k be u(-5). Suppose -w = 2*f - k + b, -4*w = -2*f - 218. What is the tens digit of w?
5
Let b(l) = l + 4. Suppose k = 3*h - 4, 0 = -5*k + h - 1 - 5. Let j be 4 + k + 0/(-3). What is the units digit of b(j)?
7
Suppose -3*f = -6*f + 6. Let d be f - (0 - 0) - -4. What is the tens digit of 200/12*9/d?
2
Suppose 6*o - 4*z - 10 = 3*o, -5*o = -4*z - 14. Suppose o*l - 3*v = 863, 3*l + v - 1314 = -v. What is the hundreds digit of l?
4
Let i = 9835 - 9689. What is the tens digit of i?
4
Let f(j) = -j**3 + 3*j**2 + 28*j + 3. Let t be f(7). Suppose 0 = -2*k + u + 744 + 530, 0 = t*k - 3*u - 1917. What is the units digit of k?
5
Let o be (-60)/(-21)*(13 - 6). What is the units digit of 15*(-4)/(o/(-9))?
7
Let c(i) = 331*i**2 - i - 1. Let y be c(-1). Suppose -4*x + 512 = 4*u, -2*u - 10*x + 13*x + 256 = 0. Let o = y - u. What is the tens digit of o?
0
Let c be ((7 - 1) + -4)/2*235. Suppose -8*f + 77 = -c. What is the units digit of f?
9
Let n(l) = l**3 + 174*l**2 + 494*l - 825. What is the hundreds digit of n(-171)?
4
Let g(x) = x + 1096*x**2 - 6 + 2 - 1085*x**2. Let t = 0 + 3. What is the tens digit of g(t)?
9
Suppose 11570 = 3*g + 4*a - 5965, 5*a + 5902 = g. What is the units digit of g?
7
Suppose 0 = -b - 3*b + 3088. Let c = 472 - b. Let n = c - -486. What is the hundreds digit of n?
1
Suppose 4*l = -4*u + 44732, 3*l - 1370*u + 1369*u - 33557 = 0. What is the hundreds digit of l?
1
Let n be 24/(-10) - 3/5. Let j(m) = 61*m**2 - m + 59*m**2 - 180*m**2 - m**3 + 57*m**2. What is the units digit of j(n)?
3
Let d(w) = -3*w**3 - 3*w**2 + 2*w - 4. Let u = 80 + -74. Let l be u/4*(8 - 10). What is the units digit of d(l)?
4
Let t = 35 - 32. Let z be (-1)/(146/49 - t). Let s = z + -39. What is the tens digit of s?
1
Suppose 38 = 5*s + 3. Let g be (48/(-28))/(1/s). What is the tens digit of (-3 + 2)*(g + -74)?
8
Suppose -1 = s, 2*a = -7*s + 6*s - 1. Suppose 8*h - 9*h + 2 = a. Suppose 355 = 4*c + h*l - 3*l, 0 = -4*c + 2*l + 350. What is the units digit of c?
0
Let w(c) = -c**3 + c**2 - 2*c - 58. Let i be (-8 - -6)*(52/8 + -3). What is the tens digit of w(i)?
4
Let o = 80 - 101. Let a(t) = -t**3 - 18*t**2 + 9*t + 91. What is the units digit of a(o)?
5
Let u = 69 + -45. What is the hundreds digit of (-1 - (-2)/(-4))*(-18640)/u?
1
What is the thousands digit of 27897 + (0 + 7)*(-4 - (-5 - 0))?
7
Let s be (5 - 4 - 2/2)/(-1). Suppose s = -23*u + 2034 + 1163. What is the units digit of u?
9
Suppose -3*q = 2361 + 1068. Let w = -768 - q. What is the units digit of w?
5
Let f(d) = 7299*d + 17. What is the tens digit of f(1)?
1
Let z = -43 - -28. What is the tens digit of (1764/(-35))/(2/z)?
7
Suppose -3*n + 0 = -3. Let g be (-2)/(4 - 1 - n)*-5. Suppose 5 = g*w, -3*w + 5*w = 3*d - 43. What is the tens digit of d?
1
Suppose 10*x = 1781 - 441. Suppose -10*m + r = -8*m - 273, -m + r = -x. What is the units digit of m?
9
Let h = 21 + -37. Let p = -16 - h. Suppose 4*m = -5*x + 334, 3*x - 3*m = -p*x + 195. What is the units digit of x?
6
Let k(o) = 108*o + 126. Let r(v) = 3. Let l(z) = -k(z) - 5*r(z). What is the hundreds digit of l(-8)?
7
Suppose 4*r + 2972 = 2*o, 3*r - 13 = -1. What is the thousands digit of o?
1
Let l = 2058 + -745. Suppose 3*q = -5*z + 5*q + l, 5*z - 1320 = -5*q. Let v = -101 + z. What is the units digit of v?
2
Let r(f) = -f**3 - 39*f**2 + f + 45. Let o be r(-39). Suppose 21*v = o*v + 12420. What is the tens digit of v?
2
Let z be 1*(-3 + 4/2). Let k be (5/(-10))/(649/(-648) - z). Suppose 0 = -45*d + 49*d - k. What is the tens digit of d?
8
Let r(c) = 3*c**3 - 12*c**2 - 6*c + 42530. What is the tens digit of r(0)?
3
Let w = 4050 + 355. What is the tens digit of w?
0
Let t be -1 + (-91)/28 + 3/(-4). What is the tens digit of (1 - (t + 7)) + (-664)/(-2)?
3
Suppose 251 = 42*p + 41. Suppose 0 = -p*t + 4*t + d + 666, 5*t + 3*d = 3314. What is the units digit of t?
4
Let l = -42 + 46. Suppose 15 = g + l*g. Suppose -64 = -3*j - 2*s, -5*j - g*s = -j - 85. What is the tens digit of j?
2
Suppose -x - 5*x = -x. Suppose 2*f + 2 - 6 = x. Suppose -f*k + m = -141, -5*m = -3*m - 6. What is the units digit of k?
2
Let c(p) = -64*p**3 + p**2 - 2*p + 2. Let m be c(1). Let z be 18/m - 60/(-14). Let j = z - -72. What is the units digit of j?
6
Suppose -16*s - 2616 = -41096. What is the units digit of s?
5
Suppose -17*m + 167266 - 30433 = 0. What is the hundreds digit of m?
0
Suppose 5*t - 1 = -2*l + 9, 8 = -4*t. What is the units digit of (4730/(-3))/(-11)*12/l?
2
Suppose -5*p = 546 + 114. What is the units digit of p/(-176)*2000/2?
0
Suppose 1021 = 9*t - 341771. What is the ten thousands digit of t?
3
Let d(s) = -s**3 + 31 + 2*s**2 + 14*s + 5*s**2 + 26 + 2*s**3 - 41. What is the hundreds digit of d(8)?
0
Suppose -26*c + 1571993 = 19*c + 321173. What is the hundreds digit of c?
7
Let w = -3199 - -16673. What is the ten thousands digit of w?
1
Suppose 19*l - 54585 - 9578 = 0. What is the units digit of l?
7
Let n(i) = -4*i + 107. Let p be n(23). What is the hundreds digit of (8875/(-100))/(p/(-72))?
4
Let s(u) = -u**3 - 81*u**2 + 267*u + 949. What is the ten thousands digit of s(-92)?
6
Suppose -2*v - 2393 = 439. Let r = -903 - v. What is the tens digit of r?
1
Let q(p) = -11*p**3 - 20*p**2 + 6*p - 25. Let y(g) = 7*g**3 + 13*g**2 - 4*g + 16. Let c(m) = -5*q(m) - 8*y(m). What is the units digit of c(-6)?
7
Suppose 9*a = 4*a - 790. Let l = a - -623. What is the tens digit of l?
6
Let w(l) = -l**3 + 4*l**2 + 9*l - 9. Let f be w(5). Suppose 708 = 4*p - 5*j, 3*p - j - f = 509. Let u = p + -88. What is the units digit of u?
4
Let m = -7251 + 7469. What is the units digit of m?
8
Suppose 184 = c + 182. Suppose x - u - 289 = 59, c*x - 708 = -u. What is the tens digit of x?
5
Suppose -m - 7*x - 2 = -10*x, -5*x = 3*m + 34. Let o = -34 - -13. Let l = m - o. What is the tens digit of l?
1
Suppose 7*w - 2*m = 284076, -5*w + 44793 = -2*m - 158115. What is the tens digit of w?
8
What is the ten thousands digit of (30237*(-190)/(-57))/2?
5
Suppose -3*m + 2*x = -2530, 9*x = -4*m + 5*x + 3340. Let l = m - 40. What is the units digit of l?
0
Let z(x) = -x**2 + 145*x - 181. What is the hundreds digit of z(87)?
8
Let y(a) = -5388*a + 178. What is the units digit of y(-5)?
8
Let n(j) = -j**3 + 0*j**3 - j - 3279 + 3359 + 30*j**2. What is the units digit of n(30)?
0
Let q be 18/14 + 12/(-42). Let y be q/((-1)/(-3)) + 1. Suppose -y*j + 7*j = 159. What is the units digit of j?
3
Let h(z) = 2*z**2 + 56*z - 54. Let x be h(-29). Suppose 0 = 4*r - 3*d - 731, -x - 155 = -r - 4*d. What is the units digit of r?
9
What is the hundreds digit of (509010/(-285))/((1*2)/(-6))?
3
Suppose 0 = -8*v + 3*v + 5*h + 125, 5*v + 3*h = 93. Let k = 71 - v. What is the tens digit of k?
5
Suppose 4*b + 27 = -3*k, 6*k = 3*k + b - 27. Let n be (-3)/((-6)/k - 2)*420. Suppose 14*o - 7*o = n. What is the hundreds digit of o?
1
Suppose -1627 + 82803 + 52636 = 18*u. What is the units digit of u?
4
Let n = -207 + 210. What is the tens digit of n/2*((-1870)/(-15) + 4)?
9
Let c be 3 + (-644)/(-2 + -2). Let o(b) = b**3 + 5*b**2 + 14*b + 35. Let v be o(-6). Let y = c + v. What is the units digit of y?
9
Let l(d) = -7*d - 53. Let j be l(4). Let b(i) = -i**2 - 6*i - 1. Let h be b(-6). Let k = h - j. What is the tens digit of k?
8
Let z = 76884 + -45932. What is the units digit of z?
2
Suppose 4*q + 3*a - 40737 = -2*a, 4*q + 2*a = 40734. What is the 